7146080 is divided by 299.
296
What is the remainder when 176303 is divided by 332?
11
What is the remainder when 1228845 is divided by 527?
408
Calculate the remainder when 462906 is divided by 9849.
3
What is the remainder when 40179635 is divided by 14?
13
What is the remainder when 198258 is divided by 45?
33
What is the remainder when 637634 is divided by 159?
44
What is the remainder when 1361875 is divided by 30?
25
Calculate the remainder when 126940 is divided by 63181.
578
Calculate the remainder when 132857 is divided by 1956.
1805
Calculate the remainder when 40830134 is divided by 9.
5
Calculate the remainder when 180497 is divided by 1886.
1327
What is the remainder when 212304102 is divided by 12?
6
What is the remainder when 14534830 is divided by 631949?
3
What is the remainder when 16369 is divided by 6595?
3179
Calculate the remainder when 6772895 is divided by 2346.
2339
What is the remainder when 174157153 is divided by 1637?
1634
What is the remainder when 25608 is divided by 5121?
3
Calculate the remainder when 337311782 is divided by 1977.
1973
Calculate the remainder when 715019 is divided by 7721.
4687
Calculate the remainder when 42679672 is divided by 101.
1
Calculate the remainder when 185875 is divided by 30977.
13
What is the remainder when 6406313 is divided by 803?
782
What is the remainder when 5546858 is divided by 818?
0
What is the remainder when 9874572 is divided by 329151?
42
Calculate the remainder when 1129896 is divided by 901.
42
Calculate the remainder when 82556 is divided by 675.
206
Calculate the remainder when 1715533 is divided by 866.
853
Calculate the remainder when 5338326 is divided by 33.
15
Calculate the remainder when 14716098 is divided by 392.
26
Calculate the remainder when 6642 is divided by 901.
335
What is the remainder when 439669 is divided by 2166?
2137
Calculate the remainder when 1191405 is divided by 108.
57
Calculate the remainder when 4110710 is divided by 7.
2
What is the remainder when 54453999 is divided by 593?
588
Calculate the remainder when 19961021 is divided by 6653673.
2
What is the remainder when 179122 is divided by 178839?
283
Calculate the remainder when 144684 is divided by 1010.
254
What is the remainder when 68131 is divided by 682?
613
What is the remainder when 32161210 is divided by 130?
120
What is the remainder when 13747216 is divided by 127?
101
What is the remainder when 1283294 is divided by 7090?
4
Calculate the remainder when 503775 is divided by 1685.
1645
Calculate the remainder when 586969 is divided by 141.
127
What is the remainder when 69838 is divided by 5620?
2398
What is the remainder when 14271898 is divided by 75?
73
What is the remainder when 56471346 is divided by 1384?
1378
What is the remainder when 17821 is divided by 4352?
413
What is the remainder when 21642069 is divided by 4328402?
59
Calculate the remainder when 24063 is divided by 2017.
1876
What is the remainder when 24095497 is divided by 260?
257
Calculate the remainder when 195126 is divided by 255.
51
Calculate the remainder when 141322 is divided by 4887.
4486
What is the remainder when 9256 is divided by 7836?
1420
Calculate the remainder when 18045673 is divided by 277625.
48
Calculate the remainder when 744597 is divided by 3060.
1017
Calculate the remainder when 35089051 is divided by 442.
439
What is the remainder when 11035283 is divided by 877?
869
What is the remainder when 46256822 is divided by 1005583?
4
Calculate the remainder when 4408538 is divided by 257.
217
What is the remainder when 285412 is divided by 642?
364
What is the remainder when 3395742 is divided by 277?
276
What is the remainder when 159716 is divided by 85?
1
What is the remainder when 476025 is divided by 6262?
113
Calculate the remainder when 1076845 is divided by 970.
145
What is the remainder when 408039225 is divided by 8047?
8043
Calculate the remainder when 5406147 is divided by 5406103.
44
Calculate the remainder when 620633 is divided by 7183.
2895
What is the remainder when 12414 is divided by 3256?
2646
Calculate the remainder when 1135856 is divided by 857.
331
Calculate the remainder when 1469424 is divided by 56516.
8
Calculate the remainder when 470147115 is divided by 7799.
7797
Calculate the remainder when 3777045 is divided by 7724.
9
What is the remainder when 5891959 is divided by 141?
133
Calculate the remainder when 19421090 is divided by 462.
458
Calculate the remainder when 22450710 is divided by 2475.
2460
What is the remainder when 205875 is divided by 40917?
1290
Calculate the remainder when 500818 is divided by 166919.
61
What is the remainder when 41777 is divided by 13921?
14
Calculate the remainder when 510835 is divided by 1118.
1027
What is the remainder when 10191420 is divided by 509571?
0
Calculate the remainder when 3052733 is divided by 145368.
5
Calculate the remainder when 6258742 is divided by 1517.
1117
Calculate the remainder when 134887549 is divided by 44962512.
13
What is the remainder when 78261877 is divided by 790524?
1
What is the remainder when 18994675 is divided by 1075?
500
What is the remainder when 18766718 is divided by 224?
222
Calculate the remainder when 288595163 is divided by 726.
725
What is the remainder when 37423 is divided by 9350?
23
Calculate the remainder when 212218 is divided by 1286.
28
Calculate the remainder when 76591843 is divided by 33.
31
Calculate the remainder when 26667 is divided by 24692.
1975
What is the remainder when 298110 is divided by 96202?
9504
Calculate the remainder when 4491649 is divided by 499037.
316
Calculate the remainder when 1430824 is divided by 767.
369
Calculate the remainder when 3129479 is divided by 240727.
28
What is the remainder when 1260746 is divided by 78768?
458
Calculate the remainder when 4040010 is divided by 204.
198
Calculate the remainder when 65344 is divided by 1194.
868
Calculate the remainder when 3759427 is divided by 68.
47
What is the remainder when 11393613 is divided by 19021?
34
Calculate the remainder when 971389 is divided by 3844.
2701
Calculate the remainder when 322991 is divided by 185.
166
Calculate the remainder when 20678 is divided by 5091.
314
Calculate the remainder when 143363164 is divided by 104.
100
What is the remainder when 1340092 is divided by 133?
117
What is the remainder when 20695349 is divided by 11415?
11369
What is the remainder when 218115699 is divided by 10777?
10773
Calculate the remainder when 1522133 is divided by 24549.
95
What is the remainder when 5780456 is divided by 349?
318
Calculate the remainder when 54834 is divided by 881.
212
Calculate the remainder when 63863 is divided by 6740.
3203
Calculate the remainder when 1389762 is divided by 135.
72
Calculate the remainder when 515858 is divided by 257773.
312
Calculate the remainder when 4508815 is divided by 818.
817
What is the remainder when 225928 is divided by 5379?
10
Calculate the remainder when 75004668 is divided by 3125194.
12
Calculate the remainder when 677980 is divided by 589.
41
Calculate the remainder when 998225 is divided by 250.
225
Calculate the remainder when 98826423 is divided by 340.
323
What is the remainder when 197063 is divided by 56?
55
Calculate the remainder when 219221 is divided by 6080.
341
Calculate the remainder when 1305939 is divided by 146.
115
Calculate the remainder when 128228 is divided by 122232.
5996
What is the remainder when 1710855 is divided by 131?
126
Calculate the remainder when 388402557 is divided by 8640.
8637
Calculate the remainder when 46274800 is divided by 23.
19
Calculate the remainder when 32430 is divided by 100.
30
What is the remainder when 4648632 is divided by 286?
274
What is the remainder when 1443874 is divided by 41251?
89
What is the remainder when 183738 is divided by 3365?
2028
What is the remainder when 3038620 is divided by 92?
44
What is the remainder when 45071 is divided by 91?
26
What is the remainder when 47798 is divided by 1151?
607
What is the remainder when 947124 is divided by 23678?
4
What is the remainder when 2252239 is divided by 470?
469
Calculate the remainder when 462844720 is divided by 175.
170
Calculate the remainder when 520510 is divided by 56.
46
Calculate the remainder